{"id":357,"date":"2025-03-17T17:17:59","date_gmt":"2025-03-17T16:17:59","guid":{"rendered":"https:\/\/jidiz.com\/web\/?post_type=product&#038;p=357"},"modified":"2025-03-17T17:18:28","modified_gmt":"2025-03-17T16:18:28","slug":"mini-ventilador-con-conexion-usb","status":"publish","type":"product","link":"https:\/\/jidiz.com\/web\/producto\/mini-ventilador-con-conexion-usb\/","title":{"rendered":"Mini Ventilador con Conexi\u00f3n USB"},"content":{"rendered":"<p><span style=\"color: #808080\"><em><strong>Medidas:<\/strong><\/em><\/span><\/p>\n<ul>\n<li><span style=\"color: #808080\">Ancho: 14.5 cm. \/ Alto: 14.5 cm. (Aprox.)<\/span><\/li>\n<\/ul>\n<p><span style=\"color: #808080\"><em><strong>Descripci\u00f3n:<\/strong><\/em><\/span><\/p>\n<ul>\n<li><span style=\"color: #808080\">Ventilador de pl\u00e1stico conecci\u00f3n a PC o tambi\u00e9n esencial para auto, mediante puerto USB.<\/span><\/li>\n<\/ul>\n<p><span style=\"color: #808080\"><em><strong>Colores:<\/strong><\/em><\/span><\/p>\n<ul>\n<li><span style=\"color: #808080\">Azul, Rojo y Negro.<\/span><\/li>\n<\/ul>\n<p><span style=\"color: #808080\"><em><strong>Presentaci\u00f3n del Producto:<\/strong><\/em><\/span><\/p>\n<ul>\n<li><span style=\"color: #808080\">Individual, en caja de cart\u00f3n plastificada.<\/span><\/li>\n<\/ul>\n","protected":false},"excerpt":{"rendered":"<p><span style=\"color: #808080\"><em><strong>Medidas:<\/strong><\/em><\/span><\/p>\n<ul>\n<li><span style=\"color: #808080\">Ancho: 14.5 cm. \/ Alto: 14.5 cm. (Aprox.)<\/span><\/li>\n<\/ul>\n<p><span style=\"color: #808080\"><em><strong>Descripci\u00f3n:<\/strong><\/em><\/span><\/p>\n<ul>\n<li><span style=\"color: #808080\">Ventilador de pl\u00e1stico conecci\u00f3n a PC o tambi\u00e9n esencial para auto, mediante puerto USB.<\/span><\/li>\n<\/ul>\n<p><span style=\"color: #808080\"><em><strong>Colores:<\/strong><\/em><\/span><\/p>\n<ul>\n<li><span style=\"color: #808080\">Azul, Rojo y Negro.<\/span><\/li>\n<\/ul>\n<p><span style=\"color: #808080\"><em><strong>Presentaci\u00f3n del Producto:<\/strong><\/em><\/span><\/p>\n<ul>\n<li><span style=\"color: #808080\">Individual, en caja de cart\u00f3n plastificada.<\/span><\/li>\n<\/ul>\n","protected":false},"featured_media":406,"comment_status":"closed","ping_status":"closed","template":"","meta":{"_joinchat":[]},"product_brand":[],"product_cat":[79],"product_tag":[],"class_list":{"0":"post-357","1":"product","2":"type-product","3":"status-publish","4":"has-post-thumbnail","6":"product_cat-articulos-de-playa","8":"first","9":"instock","10":"shipping-taxable","11":"product-type-simple"},"_links":{"self":[{"href":"https:\/\/jidiz.com\/web\/wp-json\/wp\/v2\/product\/357","targetHints":{"allow":["GET"]}}],"collection":[{"href":"https:\/\/jidiz.com\/web\/wp-json\/wp\/v2\/product"}],"about":[{"href":"https:\/\/jidiz.com\/web\/wp-json\/wp\/v2\/types\/product"}],"replies":[{"embeddable":true,"href":"https:\/\/jidiz.com\/web\/wp-json\/wp\/v2\/comments?post=357"}],"wp:featuredmedia":[{"embeddable":true,"href":"https:\/\/jidiz.com\/web\/wp-json\/wp\/v2\/media\/406"}],"wp:attachment":[{"href":"https:\/\/jidiz.com\/web\/wp-json\/wp\/v2\/media?parent=357"}],"wp:term":[{"taxonomy":"product_brand","embeddable":true,"href":"https:\/\/jidiz.com\/web\/wp-json\/wp\/v2\/product_brand?post=357"},{"taxonomy":"product_cat","embeddable":true,"href":"https:\/\/jidiz.com\/web\/wp-json\/wp\/v2\/product_cat?post=357"},{"taxonomy":"product_tag","embeddable":true,"href":"https:\/\/jidiz.com\/web\/wp-json\/wp\/v2\/product_tag?post=357"}],"curies":[{"name":"wp","href":"https:\/\/api.w.org\/{rel}","templated":true}]}}