{"id":423,"date":"2025-03-17T17:18:43","date_gmt":"2025-03-17T16:18:43","guid":{"rendered":"https:\/\/jidiz.com\/web\/?post_type=product&#038;p=423"},"modified":"2025-03-17T17:19:10","modified_gmt":"2025-03-17T16:19:10","slug":"jarro-mug-6","status":"publish","type":"product","link":"https:\/\/jidiz.com\/web\/producto\/jarro-mug-6\/","title":{"rendered":"Jarro Mug"},"content":{"rendered":"<p><span style=\"color: #808080\"><em><strong>Medidas:<\/strong><\/em><\/span><\/p>\n<ul>\n<li><span style=\"color: #808080\">Alto: 18.5 cm. Di\u00e1metro: 8 cm. (Aprox.)<\/span><\/li>\n<\/ul>\n<p><span style=\"color: #808080\"><em><strong>Descripci\u00f3n:<\/strong><\/em><\/span><\/p>\n<ul>\n<li><span style=\"color: #808080\">Interior de metal, por fuera cuerpo de metal con recubriento en el medio de acr\u00edlico trasl\u00facido de color (ver colores disponibles), asa y tapa de pl\u00e1stico negro. Capacidad: 450 ml. (Aprox.)<\/span><\/li>\n<\/ul>\n<p><span style=\"color: #808080\"><em><strong>Colores:<\/strong><\/em><\/span><\/p>\n<ul>\n<li><span style=\"color: #808080\">Azul y Rojo.<\/span><\/li>\n<\/ul>\n<p><span style=\"color: #808080\"><em><strong>Presentaci\u00f3n del producto:<\/strong><\/em><\/span><\/p>\n<ul>\n<li><span style=\"color: #808080\">Individual, en bolsa de pl\u00e1stico transparente, dentro de una caja de cart\u00f3n blanca.<\/span><\/li>\n<\/ul>\n<p>&nbsp;<\/p>\n","protected":false},"excerpt":{"rendered":"<p><span style=\"color: #808080\"><em><strong>Medidas:<\/strong><\/em><\/span><\/p>\n<ul>\n<li><span style=\"color: #808080\">Alto: 18.5 cm. Di\u00e1metro: 8 cm. (Aprox.)<\/span><\/li>\n<\/ul>\n<p><span style=\"color: #808080\"><em><strong>Descripci\u00f3n:<\/strong><\/em><\/span><\/p>\n<ul>\n<li><span style=\"color: #808080\">Interior de metal, por fuera cuerpo de metal con recubriento en el medio de acr\u00edlico trasl\u00facido de color (ver colores disponibles), asa y tapa de pl\u00e1stico negro. Capacidad: 450 ml. (Aprox.)<\/span><\/li>\n<\/ul>\n<p><span style=\"color: #808080\"><em><strong>Colores:<\/strong><\/em><\/span><\/p>\n<ul>\n<li><span style=\"color: #808080\">Azul y Rojo.<\/span><\/li>\n<\/ul>\n<p><span style=\"color: #808080\"><em><strong>Presentaci\u00f3n del producto:<\/strong><\/em><\/span><\/p>\n<ul>\n<li><span style=\"color: #808080\">Individual, en bolsa de pl\u00e1stico transparente, dentro de una caja de cart\u00f3n blanca.<\/span><\/li>\n<\/ul>\n<p>&nbsp;<\/p>\n","protected":false},"featured_media":471,"comment_status":"closed","ping_status":"closed","template":"","meta":{"_joinchat":[]},"product_brand":[],"product_cat":[72],"product_tag":[],"class_list":{"0":"post-423","1":"product","2":"type-product","3":"status-publish","4":"has-post-thumbnail","6":"product_cat-jarros-mug","8":"first","9":"instock","10":"shipping-taxable","11":"product-type-simple"},"_links":{"self":[{"href":"https:\/\/jidiz.com\/web\/wp-json\/wp\/v2\/product\/423","targetHints":{"allow":["GET"]}}],"collection":[{"href":"https:\/\/jidiz.com\/web\/wp-json\/wp\/v2\/product"}],"about":[{"href":"https:\/\/jidiz.com\/web\/wp-json\/wp\/v2\/types\/product"}],"replies":[{"embeddable":true,"href":"https:\/\/jidiz.com\/web\/wp-json\/wp\/v2\/comments?post=423"}],"wp:featuredmedia":[{"embeddable":true,"href":"https:\/\/jidiz.com\/web\/wp-json\/wp\/v2\/media\/471"}],"wp:attachment":[{"href":"https:\/\/jidiz.com\/web\/wp-json\/wp\/v2\/media?parent=423"}],"wp:term":[{"taxonomy":"product_brand","embeddable":true,"href":"https:\/\/jidiz.com\/web\/wp-json\/wp\/v2\/product_brand?post=423"},{"taxonomy":"product_cat","embeddable":true,"href":"https:\/\/jidiz.com\/web\/wp-json\/wp\/v2\/product_cat?post=423"},{"taxonomy":"product_tag","embeddable":true,"href":"https:\/\/jidiz.com\/web\/wp-json\/wp\/v2\/product_tag?post=423"}],"curies":[{"name":"wp","href":"https:\/\/api.w.org\/{rel}","templated":true}]}}