{"id":859,"date":"2025-03-17T17:22:26","date_gmt":"2025-03-17T16:22:26","guid":{"rendered":"https:\/\/jidiz.com\/web\/?post_type=product&#038;p=859"},"modified":"2025-05-14T18:14:09","modified_gmt":"2025-05-14T23:14:09","slug":"tomatodo-de-plastico-16","status":"publish","type":"product","link":"https:\/\/jidiz.com\/web\/producto\/tomatodo-de-plastico-16\/","title":{"rendered":"Tomatodo de Pl\u00e1stico"},"content":{"rendered":"<p><span style=\"color: #808080\"><em><strong>Medidas:<\/strong><\/em><\/span><\/p>\n<ul>\n<li><span style=\"color: #808080\">Altura: 27.5 cm Di\u00e1metro:\u00a06.5 cm<br \/>\n<\/span><\/li>\n<\/ul>\n<p><span style=\"color: #808080\"><em><strong>Descripci\u00f3n:<\/strong><\/em><\/span><\/p>\n<ul>\n<li><span style=\"color: #808080\">Tomatodo de pl\u00e1stico de policarbonato, cuerpo de color trasl\u00facido, con tapa de color s\u00f3lido y sorbete interior blanco.<\/span><\/li>\n<li><span style=\"color: #808080\">Capacidad:\u00a01000 ml.<\/span><\/li>\n<\/ul>\n<p><span style=\"color: #808080\"><em><strong>Colores:<\/strong><\/em><\/span><\/p>\n<ul>\n<li><span style=\"color: #808080\">Rojo, azul, verde, negro, anaranjado y blanco<\/span><\/li>\n<\/ul>\n<p><span style=\"color: #808080\"><em><strong>Presentaci\u00f3n del producto:<\/strong><\/em><\/span><\/p>\n<ul>\n<li><span style=\"color: #808080\">Individual, en bolsita pl\u00e1stica transparente.<\/span><\/li>\n<\/ul>\n","protected":false},"excerpt":{"rendered":"<p><span style=\"color: #808080\"><em><strong>Medidas:<\/strong><\/em><\/span><\/p>\n<ul>\n<li><span style=\"color: #808080\">Altura: 27.8 cm Di\u00e1metro:7 cm<br \/>\n<\/span><\/li>\n<\/ul>\n<p><span style=\"color: #808080\"><em><strong>Descripci\u00f3n:<\/strong><\/em><\/span><\/p>\n<ul>\n<li><span style=\"color: #808080\">Tomatodo de pl\u00e1stico, cuerpo de color trasl\u00facido, con tapa de color s\u00f3lido y sorbete interior blanco.<\/span><\/li>\n<li><span style=\"color: #808080\">Capacidad:\u00a01000 ml.<\/span><\/li>\n<\/ul>\n<p><span style=\"color: #808080\"><em><strong>Colores:<\/strong><\/em><\/span><\/p>\n<ul>\n<li><span style=\"color: #808080\">Rojo, azul, verde, negro, anaranjado y blanco<\/span><\/li>\n<\/ul>\n<p><span style=\"color: #808080\"><em><strong>Presentaci\u00f3n del producto:<\/strong><\/em><\/span><\/p>\n<ul>\n<li><span style=\"color: #808080\">Individual, en bolsita pl\u00e1stica transparente.<\/span><\/li>\n<\/ul>\n","protected":false},"featured_media":881,"comment_status":"closed","ping_status":"closed","template":"","meta":{"_joinchat":[]},"product_brand":[],"product_cat":[90],"product_tag":[],"class_list":{"0":"post-859","1":"product","2":"type-product","3":"status-publish","4":"has-post-thumbnail","6":"product_cat-tomatodos","8":"first","9":"instock","10":"shipping-taxable","11":"product-type-simple"},"_links":{"self":[{"href":"https:\/\/jidiz.com\/web\/wp-json\/wp\/v2\/product\/859","targetHints":{"allow":["GET"]}}],"collection":[{"href":"https:\/\/jidiz.com\/web\/wp-json\/wp\/v2\/product"}],"about":[{"href":"https:\/\/jidiz.com\/web\/wp-json\/wp\/v2\/types\/product"}],"replies":[{"embeddable":true,"href":"https:\/\/jidiz.com\/web\/wp-json\/wp\/v2\/comments?post=859"}],"wp:featuredmedia":[{"embeddable":true,"href":"https:\/\/jidiz.com\/web\/wp-json\/wp\/v2\/media\/881"}],"wp:attachment":[{"href":"https:\/\/jidiz.com\/web\/wp-json\/wp\/v2\/media?parent=859"}],"wp:term":[{"taxonomy":"product_brand","embeddable":true,"href":"https:\/\/jidiz.com\/web\/wp-json\/wp\/v2\/product_brand?post=859"},{"taxonomy":"product_cat","embeddable":true,"href":"https:\/\/jidiz.com\/web\/wp-json\/wp\/v2\/product_cat?post=859"},{"taxonomy":"product_tag","embeddable":true,"href":"https:\/\/jidiz.com\/web\/wp-json\/wp\/v2\/product_tag?post=859"}],"curies":[{"name":"wp","href":"https:\/\/api.w.org\/{rel}","templated":true}]}}